. Let w = 31 + 5. What is the greatest common divisor of b and w?
4
Let r(x) = -6*x - 9. Let m be r(-10). What is the highest common factor of m and 816?
51
Let z(i) = 12*i**3 + 8*i**2 - 30*i - 12. Let n be z(6). What is the greatest common divisor of 84 and n?
84
Suppose 0 = 30*t - 35*t. Let r be t/(-3) - (-3 + 1/(-1)). Calculate the highest common factor of 68 and r.
4
Let s = 69 + -78. Let v be (2/s - (-44)/36) + 47. What is the greatest common divisor of v and 32?
16
Let q(l) = 2*l**2 - 2*l + 5. Let w be q(-4). Let m be 36/(-432) + (-122)/(-24). What is the greatest common factor of m and w?
5
Let x = 573 - 301. Suppose -3*n - x = -3*d + 247, -5*d + 855 = -3*n. What is the highest common factor of 42 and d?
42
Let j(l) = -l**2 + 52*l - 33. Let g be j(10). What is the highest common factor of 43 and g?
43
Suppose 32*i = -20*i + 2912. Calculate the highest common divisor of 63 and i.
7
Suppose 2*f - 5*s - 30 = 112, 4*f - 5*s = 274. Calculate the highest common factor of f and 110.
22
Suppose 2*t - 5*n = 62, -107 + 33 = -2*t - n. Suppose 0 = 4*a - 0*a - 4*x - 52, 0 = -5*a + 2*x + 62. What is the highest common divisor of t and a?
12
Let n(c) = c**3 + c**2 - c + 14. Let f be n(10). What is the highest common divisor of f and 69?
69
Let r be (4/5)/((-2)/(-10)). Let i be 2/(-8) - 5520/(-64). Suppose -1406 + i = -r*g. What is the highest common divisor of g and 30?
30
Let x(w) = 4*w**2 - 3*w - 5. Let l be x(6). Suppose -2*m = 3*q - 43 + 6, 2*m = 5*q - 51. Calculate the greatest common factor of l and q.
11
Let s = -272 + 1452. What is the highest common divisor of 20 and s?
20
Suppose 3*i + 148 = 493. Let c(m) = -23*m + 1. Let p be c(-3). Let z = i - p. Calculate the highest common factor of 9 and z.
9
Let a = -26 - -46. Let g = -12 + a. Suppose -230*q - 480 = -270*q. Calculate the highest common factor of q and g.
4
Suppose 25 = -4*k - 3*o + 75, -5*k - o = -57. Calculate the greatest common factor of k and 539.
11
Suppose 2*k = -p + 81, -k + 33*p = 29*p - 54. Calculate the highest common divisor of k and 56.
14
Let y(f) = -75 + 131*f + 35 + 44. Let u be y(2). Calculate the greatest common divisor of u and 14.
14
Suppose b + 1 - 5 = 0. Let n be (-81)/(-3) - (b + -1). Let k be -1 - (-1 - -1) - -13. What is the greatest common divisor of n and k?
12
Let h = 872 + -812. What is the greatest common factor of 50 and h?
10
Suppose -4*a + 8 = 0, 3*q - 3*a + 12 = 5*q. Let g be (-1)/(-3) + (-124)/(-6). What is the highest common divisor of g and q?
3
Suppose -4*i = -5*j + 5, -j + 1 = -i + 3*i. Let u(f) = 3*f**2 - f + 93. Let t be u(i). Calculate the highest common divisor of 62 and t.
31
Suppose r + r - 12 = 0. Let v be (r/8)/((-19)/(-2052)). What is the greatest common divisor of v and 27?
27
Let j = 346 + -24. Calculate the greatest common factor of j and 42.
14
Suppose i = -5, 5*b - b + 2*i + 2 = 0. Let h = 4 - b. Let k be -49*(-1 + 5/7). What is the greatest common factor of h and k?
2
Suppose -140*k = -136*k - 372. Calculate the highest common factor of 868 and k.
31
Suppose 690 = 8*n + 15*n. Calculate the highest common factor of 80 and n.
10
Let h(b) = -b**3 + 36*b**2 + 80*b + 93. Let j be h(38). What is the highest common factor of 70 and j?
35
Let o be 11 + -2 - (-1)/1. Let j = 17 - 14. Suppose 3*d = -d + h + 4, 4*d - j*h = -4. Calculate the highest common factor of o and d.
2
Let g be 92/22 - (0 - 4/(-22)). Suppose 0*a - 3*a - 94 = -g*z, -4*a = -5*z + 117. What is the highest common factor of z and 200?
25
Suppose 0 = -4*g - 8, 4*y - 1206 = -2*g + 374. What is the highest common factor of y and 9?
9
Let u be ((-48)/20)/(-6)*(-5)/(-2). What is the greatest common divisor of 19 and u?
1
Let s(l) = 23*l - 86. Let t be s(4). Let g = 39 - 21. What is the highest common divisor of g and t?
6
Let z(f) = -f**2 + 24*f + 12. Let i be z(18). Calculate the greatest common factor of i and 8.
8
Suppose -4*w = 0, -4 = 4*t - 6*t + 5*w. Suppose -41 = -t*x - 5*m, 5*x + 0*m - 59 = 2*m. Let d = 306 - 215. What is the greatest common factor of x and d?
13
Let w(g) = 3*g**2 + 11*g - 11. Let h be w(1). Calculate the highest common factor of h and 17.
1
Suppose 2*t + 4 = 0, -152 = -4*c + 4*t - 0*t. Let h be 12/c*(1 - 1). Suppose -2*g + r = -h - 144, -2*r = 0. Calculate the greatest common factor of g and 12.
12
Suppose 2*y - 1115 = -5*d, -5*d - 900 - 785 = -3*y. What is the greatest common factor of 20 and y?
20
Suppose -2*h + 37 = 2*z - 53, 4*h - 96 = -2*z. What is the greatest common factor of z and 112?
14
Suppose 2*n + 44 + 34 = z, -2*n = -10. What is the highest common divisor of z and 66?
22
Let u(p) = p**2 - 5*p + 15. Let n be u(7). Calculate the greatest common factor of n and 2059.
29
Suppose 2*x + 3*g + 1 = 0, 6 = -g - g. Suppose 3*k = x*t - 80, -7*t + 3*t = k. Let q = 22 + k. What is the highest common divisor of q and 22?
2
Let r be (-1*423/5)/((-56)/1680). Calculate the highest common divisor of r and 18.
18
Let o = 61 - 43. Let y(g) = g + 27. Let j be y(0). What is the greatest common factor of o and j?
9
Let v = -12 - -29. Suppose 9*x + v = 53. Calculate the highest common divisor of x and 4.
4
Let p(l) = l**2 + l + 1. Let h(g) = 4*g**2 - 11. Let q(a) = -h(a) + 5*p(a). Let v be q(-5). Calculate the highest common factor of v and 64.
16
Let g = 3 + -2. Let f be g - 5/1*-3. Let t = f - 7. What is the greatest common divisor of t and 27?
9
Suppose 3*p = 2*p - 4*j + 4, -4*p + 5*j = 5. Suppose -4*i + p*i = 52. Let f be (-65)/i - 2/2. Calculate the greatest common divisor of 10 and f.
2
Let s(o) = o**3 - 24*o**2 + 47*o - 6. Let d be s(22). Calculate the greatest common factor of 2190 and d.
30
Let g = -15 + 23. Suppose 5*o + 83 = 4*d - 2*d, 2*o = 3*d - 119. Let j = d + -31. What is the highest common divisor of g and j?
8
Suppose 0 = -2*a + a + 68. Suppose r - 4*z - a = -0*z, z - 1 = 0. Let u be -2*(-7)/2 - -1. Calculate the greatest common factor of r and u.
8
Let r be (1/2)/(1/18). Let z be r/(-2) + (-4)/(-8). Let j be z/4*(-3)/1. What is the greatest common divisor of 15 and j?
3
Let p(g) = -g. Let y(m) = -11*m + 29. Let x(a) = -2*p(a) - y(a). Let z be x(11). Let v = 17 - -2. What is the highest common divisor of v and z?
19
Let m be 1/((2/(-23))/(-2)). Let d = -785 + 1038. What is the highest common factor of m and d?
23
Let q = -66 - -127. Suppose 2*a - q = -11. Suppose 3*u - a = -10. What is the highest common divisor of u and 5?
5
Suppose 0 = 5*m - d - 3*d, -d = -2*m. Suppose m = x - 2*x + 42. Let w be 12/21 + 942/x. What is the greatest common factor of w and 46?
23
Let t be 8/(-24) - 1*4/6. Let a(x) = 296*x**2 + x + 2. Let g be a(t). Calculate the highest common factor of 33 and g.
33
Let r = 1280 + -1136. What is the highest common factor of r and 36?
36
Let g(t) = t**3 + 10*t**2 - 40*t + 26. Let b be g(-13). Calculate the highest common factor of 1 and b.
1
Let z = 61 + -25. Suppose -3*n + 0*n = -q + 3, -4*q = -2*n + 8. Let l be (q + 1)/(5/(-60)). Calculate the greatest common divisor of l and z.
12
Suppose -1060 = 133*j - 135*j. What is the greatest common factor of j and 10?
10
Let s be (12/5)/(-4 + 88/20). Calculate the greatest common factor of 174 and s.
6
Suppose 0*a - 15*a + 510 = 0. What is the greatest common factor of a and 459?
17
Let z = -383 + 397. What is the highest common factor of z and 385?
7
Let a = -8 + 8. Suppose 4 = p - a*p. Suppose p = 4*s, 4*y - 4*s - 5 - 3 = 0. Calculate the highest common factor of 3 and y.
3
Suppose -3 - 687 = -23*a. What is the greatest common divisor of 12 and a?
6
Let h be 2*(2 - (-2)/(-4)). Let n be -4 - (-3 - (286 + h)). Suppose 9*t + n = 12*t. Calculate the highest common divisor of 12 and t.
12
Suppose 2*j - j - 255 = 0. Suppose j = -0*p - 5*p. Let m = 123 + p. What is the highest common divisor of 8 and m?
8
Let d = -5 - -7. Suppose 7*r = d*r + 560. Calculate the greatest common divisor of 16 and r.
16
Suppose 4*q = -2*r - 280, -3*r + 0*q + 3*q - 438 = 0. Suppose -2*s + 16 = 112. Let i = s - r. Calculate the highest common factor of i and 24.
24
Suppose 5*u - 4*u - 6 = 0. Suppose -10*o + 144 = -u*o. Calculate the highest common divisor of o and 288.
36
Suppose -10*f - 15*f + 425 = 0. What is the greatest common divisor of 1139 and f?
17
Suppose g + 5*f + 13 = -0*g, 4*g = -5*f - 7. Let m = 2 + 